{"id":1069,"date":"2021-09-29T17:13:00","date_gmt":"2021-09-29T15:13:00","guid":{"rendered":"https:\/\/poloscientifico.univr.it\/?page_id=1069"},"modified":"2021-09-30T15:49:02","modified_gmt":"2021-09-30T13:49:02","slug":"presidenza","status":"publish","type":"page","link":"https:\/\/poloscientifico.univr.it\/index.php\/presidenza\/","title":{"rendered":"PRESIDENZA"},"content":{"rendered":"\t\t<div data-elementor-type=\"wp-page\" data-elementor-id=\"1069\" class=\"elementor elementor-1069\">\n\t\t\t\t\t\t<section class=\"elementor-section elementor-top-section elementor-element elementor-element-78581ad0 elementor-section-height-min-height elementor-section-items-top elementor-section-content-top elementor-section-full_width elementor-section-height-default elementor-invisible\" data-id=\"78581ad0\" data-element_type=\"section\" data-e-type=\"section\" data-settings=\"{&quot;background_background&quot;:&quot;classic&quot;,&quot;animation&quot;:&quot;fadeInLeft&quot;}\">\n\t\t\t\t\t\t\t<div class=\"elementor-background-overlay\"><\/div>\n\t\t\t\t\t\t\t<div class=\"elementor-container elementor-column-gap-default\">\n\t\t\t\t\t<div class=\"elementor-column elementor-col-100 elementor-top-column elementor-element elementor-element-5f6b799a\" data-id=\"5f6b799a\" data-element_type=\"column\" data-e-type=\"column\" data-settings=\"{&quot;background_background&quot;:&quot;classic&quot;}\">\n\t\t\t<div class=\"elementor-widget-wrap elementor-element-populated\">\n\t\t\t\t\t\t<section class=\"elementor-section elementor-inner-section elementor-element elementor-element-9ea5828 elementor-section-boxed elementor-section-height-default elementor-section-height-default\" data-id=\"9ea5828\" data-element_type=\"section\" data-e-type=\"section\">\n\t\t\t\t\t\t<div class=\"elementor-container elementor-column-gap-default\">\n\t\t\t\t\t<div class=\"elementor-column elementor-col-100 elementor-inner-column elementor-element elementor-element-d134ee0\" data-id=\"d134ee0\" data-element_type=\"column\" data-e-type=\"column\">\n\t\t\t<div class=\"elementor-widget-wrap elementor-element-populated\">\n\t\t\t\t\t\t<div class=\"elementor-element elementor-element-7225dc1 elementor-widget elementor-widget-text-editor\" data-id=\"7225dc1\" data-element_type=\"widget\" data-e-type=\"widget\" data-widget_type=\"text-editor.default\">\n\t\t\t\t<div class=\"elementor-widget-container\">\n\t\t\t\t\t\t\t\t\t<h2 class=\"elementor-heading-title elementor-size-default elementor-inline-editing pen\" style=\"font-family: Lato, sans-serif; font-style: normal; text-align: center;\" data-elementor-setting-key=\"title\" data-pen-placeholder=\"Digita qui...\">Presidente<\/h2><h2 class=\"elementor-heading-title elementor-size-default elementor-inline-editing pen\" style=\"font-family: Lato, sans-serif; font-style: normal; text-align: center;\" data-elementor-setting-key=\"title\" data-pen-placeholder=\"Digita qui...\">Andrea Beretta Zanoni<\/h2>\t\t\t\t\t\t\t\t<\/div>\n\t\t\t\t<\/div>\n\t\t\t\t\t<\/div>\n\t\t<\/div>\n\t\t\t\t\t<\/div>\n\t\t<\/section>\n\t\t\t\t<section class=\"elementor-section elementor-inner-section elementor-element elementor-element-e06c69b elementor-section-boxed elementor-section-height-default elementor-section-height-default\" data-id=\"e06c69b\" data-element_type=\"section\" data-e-type=\"section\">\n\t\t\t\t\t\t<div class=\"elementor-container elementor-column-gap-default\">\n\t\t\t\t\t<div class=\"elementor-column elementor-col-50 elementor-inner-column elementor-element elementor-element-bf3ae56\" data-id=\"bf3ae56\" data-element_type=\"column\" data-e-type=\"column\">\n\t\t\t<div class=\"elementor-widget-wrap elementor-element-populated\">\n\t\t\t\t\t\t<div class=\"elementor-element elementor-element-c44aa34 elementor-widget elementor-widget-image\" data-id=\"c44aa34\" data-element_type=\"widget\" data-e-type=\"widget\" data-widget_type=\"image.default\">\n\t\t\t\t<div class=\"elementor-widget-container\">\n\t\t\t\t\t\t\t\t\t\t\t\t\t\t\t\t<a href=\"https:\/\/www.dea.univr.it\/?ent=persona&#038;id=3888\">\n\t\t\t\t\t\t\t<img fetchpriority=\"high\" decoding=\"async\" width=\"1668\" height=\"2500\" src=\"https:\/\/poloscientifico.univr.it\/wp-content\/uploads\/ABZ.jpg\" class=\"attachment-full size-full wp-image-1070\" alt=\"Prof. Andrea Beretta Zanoni\" srcset=\"https:\/\/poloscientifico.univr.it\/wp-content\/uploads\/ABZ.jpg 1668w, https:\/\/poloscientifico.univr.it\/wp-content\/uploads\/ABZ-200x300.jpg 200w, https:\/\/poloscientifico.univr.it\/wp-content\/uploads\/ABZ-683x1024.jpg 683w, https:\/\/poloscientifico.univr.it\/wp-content\/uploads\/ABZ-768x1151.jpg 768w, https:\/\/poloscientifico.univr.it\/wp-content\/uploads\/ABZ-1025x1536.jpg 1025w, https:\/\/poloscientifico.univr.it\/wp-content\/uploads\/ABZ-1366x2048.jpg 1366w\" sizes=\"(max-width: 1668px) 100vw, 1668px\" \/>\t\t\t\t\t\t\t\t<\/a>\n\t\t\t\t\t\t\t\t\t\t\t\t\t\t\t<\/div>\n\t\t\t\t<\/div>\n\t\t\t\t\t<\/div>\n\t\t<\/div>\n\t\t\t\t<div class=\"elementor-column elementor-col-50 elementor-inner-column elementor-element elementor-element-54b67a1\" data-id=\"54b67a1\" data-element_type=\"column\" data-e-type=\"column\">\n\t\t\t<div class=\"elementor-widget-wrap elementor-element-populated\">\n\t\t\t\t\t\t<div class=\"elementor-element elementor-element-0f55066 elementor-widget elementor-widget-text-editor\" data-id=\"0f55066\" data-element_type=\"widget\" data-e-type=\"widget\" data-widget_type=\"text-editor.default\">\n\t\t\t\t<div class=\"elementor-widget-container\">\n\t\t\t\t\t\t\t\t\t<p style=\"font-family: Roboto, sans-serif; font-size: 16px; font-style: normal; font-weight: 400; color: #000000; text-align: justify;\">Andrea Beretta Zanoni \u00e8 professore ordinario di Strategia e Politica Aziendale nell\u2019Universit\u00e0 degli Studi di Verona, dove \u00e8 stato anche Presidente del Corso di Laurea Magistrale in Direzione Aziendale.\u00a0<\/p><p style=\"font-family: Roboto, sans-serif; font-size: 16px; font-style: normal; font-weight: 400; color: #000000; text-align: justify;\">Dal 2009 al 2014 \u00e8 stato inoltre Direttore del Polo Scientifico Didattico \u201cStudi sull\u2019Impresa\u201d dell\u2019Universit\u00e0 di Verona e dal 2021 \u00e8 Presidente del VUH (Vicenza Univr Hub).<\/p><p style=\"font-family: Roboto, sans-serif; font-size: 16px; font-style: normal; font-weight: 400; color: #000000; text-align: justify;\">Fino al 2005 ha insegnato come Professore Associato nella Facolt\u00e0 di Economia dell\u2019Universit\u00e0 di Milano-Bicocca, dove \u00e8 stato anche Presidente del Corso di Laurea Specialistica in Scienze Economico Aziendali. Ha svolto inoltre attivit\u00e0 di docenza presso numerosi atenei tra cui l\u2019Universit\u00e0 di Pisa, l\u2019Universit\u00e0 di Roma Tre, l\u2019Universit\u00e0 di Ferrara, il MIP Politecnico di Milano, l\u2019Universit\u00e0\u00a0 Bocconi e presso organizzazioni come la Borsa Italiana, la Scuola Mattei dell\u2019 ENI, la LUISS School of Management, l\u2019Iref (Istituto Regionale Lombardo per la Formazione della Pubblica Amministrazione).<\/p><p style=\"font-family: Roboto, sans-serif; font-size: 16px; font-style: normal; font-weight: 400; color: #000000; text-align: justify;\">Gli ambiti di specializzazione di Beretta Zanoni sono concentrati sulla pianificazione strategica, sulla valutazione aziendale, con focalizzazione sulla valutazione dei beni immateriali (per finalit\u00e0 contabili, fiscali, transattive), e sull\u2019ottimizzazione del rapporto famiglia impresa.<\/p><p style=\"font-family: Roboto, sans-serif; font-size: 16px; font-style: normal; font-weight: 400; color: #000000; text-align: justify;\">L\u2019attivit\u00e0 pubblicistica si \u00e8 concentrata sulle aree di specializzazione menzionate, con la pubblicazione di monografie edite in Italia da Il Mulino, Giuffr\u00e9, Cedam, Egea, Franco Angeli e negli Stati Uniti e in Inghilterra edite da Routledge (Taylor &amp; Francis Group), IGI Global, J. Wiley &amp; Son. E\u2019 inoltre autore di oltre cinquanta articoli sulle principali riviste scientifiche del settore.<\/p><p style=\"font-family: Roboto, sans-serif; font-size: 16px; font-style: normal; font-weight: 400; color: #000000; text-align: justify;\">E\u2019 socio di Societ\u00e0 Scientifiche nazionali e internazionali, tra cui l\u2019Accademia Italiana di Economia Aziendale (Aidea), la Societ\u00e0 Italiana dei Docenti di Ragioneria e di Economia Aziendale (Sidrea) la Strategic Management Society (SMS).<\/p><p style=\"font-family: Roboto, sans-serif; font-size: 16px; font-style: normal; font-weight: 400; color: #000000; text-align: justify;\">Nato a Milano nel 1966, si \u00e8 laureato con lode in\u00a0<span style=\"font-size: 16px; color: #2b2b2b;\">Economia aziendale nell\u2019 Universit\u00e0 Bocconi con studi di perfezionamento presso il Dipartimento di Economia e Politica aziendale dell\u2019Universit\u00e0 degli Studi di Milano e presso la London School of Economics (Londra).<\/span><\/p><p style=\"font-family: Roboto, sans-serif; font-size: 16px; font-style: normal; font-weight: 400; color: #000000; text-align: justify;\">\u00a0<\/p>\t\t\t\t\t\t\t\t<\/div>\n\t\t\t\t<\/div>\n\t\t\t\t\t<\/div>\n\t\t<\/div>\n\t\t\t\t\t<\/div>\n\t\t<\/section>\n\t\t\t\t\t<\/div>\n\t\t<\/div>\n\t\t\t\t\t<\/div>\n\t\t<\/section>\n\t\t\t\t<\/div>\n\t\t","protected":false},"excerpt":{"rendered":"<p>Presidente Andrea Beretta Zanoni Andrea Beretta Zanoni \u00e8 professore ordinario di Strategia e Politica Aziendale nell\u2019Universit\u00e0 degli Studi di Verona, dove \u00e8 stato anche Presidente del Corso di Laurea Magistrale in Direzione Aziendale.\u00a0 Dal 2009 al 2014 \u00e8 stato inoltre Direttore del Polo Scientifico Didattico \u201cStudi sull\u2019Impresa\u201d dell\u2019Universit\u00e0 di Verona e dal 2021 \u00e8 Presidente &hellip; <a href=\"https:\/\/poloscientifico.univr.it\/index.php\/presidenza\/\" class=\"more-link\">Continua la lettura di <span class=\"screen-reader-text\">PRESIDENZA<\/span> <span class=\"meta-nav\">&rarr;<\/span><\/a><\/p>\n","protected":false},"author":2,"featured_media":0,"parent":0,"menu_order":0,"comment_status":"closed","ping_status":"closed","template":"","meta":{"footnotes":""},"class_list":["post-1069","page","type-page","status-publish","hentry"],"_links":{"self":[{"href":"https:\/\/poloscientifico.univr.it\/index.php\/wp-json\/wp\/v2\/pages\/1069","targetHints":{"allow":["GET"]}}],"collection":[{"href":"https:\/\/poloscientifico.univr.it\/index.php\/wp-json\/wp\/v2\/pages"}],"about":[{"href":"https:\/\/poloscientifico.univr.it\/index.php\/wp-json\/wp\/v2\/types\/page"}],"author":[{"embeddable":true,"href":"https:\/\/poloscientifico.univr.it\/index.php\/wp-json\/wp\/v2\/users\/2"}],"replies":[{"embeddable":true,"href":"https:\/\/poloscientifico.univr.it\/index.php\/wp-json\/wp\/v2\/comments?post=1069"}],"version-history":[{"count":32,"href":"https:\/\/poloscientifico.univr.it\/index.php\/wp-json\/wp\/v2\/pages\/1069\/revisions"}],"predecessor-version":[{"id":1255,"href":"https:\/\/poloscientifico.univr.it\/index.php\/wp-json\/wp\/v2\/pages\/1069\/revisions\/1255"}],"wp:attachment":[{"href":"https:\/\/poloscientifico.univr.it\/index.php\/wp-json\/wp\/v2\/media?parent=1069"}],"curies":[{"name":"wp","href":"https:\/\/api.w.org\/{rel}","templated":true}]}}

<div data-elementor-type="wp-page" data-elementor-id="1069" class="elementor elementor-1069">
						<section class="elementor-section elementor-top-section elementor-element elementor-element-78581ad0 elementor-section-height-min-height elementor-section-items-top elementor-section-content-top elementor-section-full_width elementor-section-height-default elementor-invisible" data-id="78581ad0" data-element_type="section" data-e-type="section" data-settings="{&quot;background_background&quot;:&quot;classic&quot;,&quot;animation&quot;:&quot;fadeInLeft&quot;}">
							<div class="elementor-background-overlay"></div>
							<div class="elementor-container elementor-column-gap-default">
					<div class="elementor-column elementor-col-100 elementor-top-column elementor-element elementor-element-5f6b799a" data-id="5f6b799a" data-element_type="column" data-e-type="column" data-settings="{&quot;background_background&quot;:&quot;classic&quot;}">
			<div class="elementor-widget-wrap elementor-element-populated">
						<section class="elementor-section elementor-inner-section elementor-element elementor-element-9ea5828 elementor-section-boxed elementor-section-height-default elementor-section-height-default" data-id="9ea5828" data-element_type="section" data-e-type="section">
						<div class="elementor-container elementor-column-gap-default">
					<div class="elementor-column elementor-col-100 elementor-inner-column elementor-element elementor-element-d134ee0" data-id="d134ee0" data-element_type="column" data-e-type="column">
			<div class="elementor-widget-wrap elementor-element-populated">
						<div class="elementor-element elementor-element-7225dc1 elementor-widget elementor-widget-text-editor" data-id="7225dc1" data-element_type="widget" data-e-type="widget" data-widget_type="text-editor.default">
				<div class="elementor-widget-container">
									<h2 class="elementor-heading-title elementor-size-default elementor-inline-editing pen" style="font-family: Lato, sans-serif; font-style: normal; text-align: center;" data-elementor-setting-key="title" data-pen-placeholder="Digita qui...">Presidente</h2><h2 class="elementor-heading-title elementor-size-default elementor-inline-editing pen" style="font-family: Lato, sans-serif; font-style: normal; text-align: center;" data-elementor-setting-key="title" data-pen-placeholder="Digita qui...">Andrea Beretta Zanoni</h2>								</div>
				</div>
					</div>
		</div>
					</div>
		</section>
				<section class="elementor-section elementor-inner-section elementor-element elementor-element-e06c69b elementor-section-boxed elementor-section-height-default elementor-section-height-default" data-id="e06c69b" data-element_type="section" data-e-type="section">
						<div class="elementor-container elementor-column-gap-default">
					<div class="elementor-column elementor-col-50 elementor-inner-column elementor-element elementor-element-bf3ae56" data-id="bf3ae56" data-element_type="column" data-e-type="column">
			<div class="elementor-widget-wrap elementor-element-populated">
						<div class="elementor-element elementor-element-c44aa34 elementor-widget elementor-widget-image" data-id="c44aa34" data-element_type="widget" data-e-type="widget" data-widget_type="image.default">
				<div class="elementor-widget-container">
																<a href="https://www.dea.univr.it/?ent=persona&#038;id=3888">
							<img fetchpriority="high" decoding="async" width="1668" height="2500" src="https://poloscientifico.univr.it/wp-content/uploads/ABZ.jpg" class="attachment-full size-full wp-image-1070" alt="Prof. Andrea Beretta Zanoni" srcset="https://poloscientifico.univr.it/wp-content/uploads/ABZ.jpg 1668w, https://poloscientifico.univr.it/wp-content/uploads/ABZ-200x300.jpg 200w, https://poloscientifico.univr.it/wp-content/uploads/ABZ-683x1024.jpg 683w, https://poloscientifico.univr.it/wp-content/uploads/ABZ-768x1151.jpg 768w, https://poloscientifico.univr.it/wp-content/uploads/ABZ-1025x1536.jpg 1025w, https://poloscientifico.univr.it/wp-content/uploads/ABZ-1366x2048.jpg 1366w" sizes="(max-width: 1668px) 100vw, 1668px" />								</a>
															</div>
				</div>
					</div>
		</div>
				<div class="elementor-column elementor-col-50 elementor-inner-column elementor-element elementor-element-54b67a1" data-id="54b67a1" data-element_type="column" data-e-type="column">
			<div class="elementor-widget-wrap elementor-element-populated">
						<div class="elementor-element elementor-element-0f55066 elementor-widget elementor-widget-text-editor" data-id="0f55066" data-element_type="widget" data-e-type="widget" data-widget_type="text-editor.default">
				<div class="elementor-widget-container">
									<p style="font-family: Roboto, sans-serif; font-size: 16px; font-style: normal; font-weight: 400; color: #000000; text-align: justify;">Andrea Beretta Zanoni è professore ordinario di Strategia e Politica Aziendale nell’Università degli Studi di Verona, dove è stato anche Presidente del Corso di Laurea Magistrale in Direzione Aziendale. </p><p style="font-family: Roboto, sans-serif; font-size: 16px; font-style: normal; font-weight: 400; color: #000000; text-align: justify;">Dal 2009 al 2014 è stato inoltre Direttore del Polo Scientifico Didattico “Studi sull’Impresa” dell’Università di Verona e dal 2021 è Presidente del VUH (Vicenza Univr Hub).</p><p style="font-family: Roboto, sans-serif; font-size: 16px; font-style: normal; font-weight: 400; color: #000000; text-align: justify;">Fino al 2005 ha insegnato come Professore Associato nella Facoltà di Economia dell’Università di Milano-Bicocca, dove è stato anche Presidente del Corso di Laurea Specialistica in Scienze Economico Aziendali. Ha svolto inoltre attività di docenza presso numerosi atenei tra cui l’Università di Pisa, l’Università di Roma Tre, l’Università di Ferrara, il MIP Politecnico di Milano, l’Università  Bocconi e presso organizzazioni come la Borsa Italiana, la Scuola Mattei dell’ ENI, la LUISS School of Management, l’Iref (Istituto Regionale Lombardo per la Formazione della Pubblica Amministrazione).</p><p style="font-family: Roboto, sans-serif; font-size: 16px; font-style: normal; font-weight: 400; color: #000000; text-align: justify;">Gli ambiti di specializzazione di Beretta Zanoni sono concentrati sulla pianificazione strategica, sulla valutazione aziendale, con focalizzazione sulla valutazione dei beni immateriali (per finalità contabili, fiscali, transattive), e sull’ottimizzazione del rapporto famiglia impresa.</p><p style="font-family: Roboto, sans-serif; font-size: 16px; font-style: normal; font-weight: 400; color: #000000; text-align: justify;">L’attività pubblicistica si è concentrata sulle aree di specializzazione menzionate, con la pubblicazione di monografie edite in Italia da Il Mulino, Giuffré, Cedam, Egea, Franco Angeli e negli Stati Uniti e in Inghilterra edite da Routledge (Taylor &amp; Francis Group), IGI Global, J. Wiley &amp; Son. E’ inoltre autore di oltre cinquanta articoli sulle principali riviste scientifiche del settore.</p><p style="font-family: Roboto, sans-serif; font-size: 16px; font-style: normal; font-weight: 400; color: #000000; text-align: justify;">E’ socio di Società Scientifiche nazionali e internazionali, tra cui l’Accademia Italiana di Economia Aziendale (Aidea), la Società Italiana dei Docenti di Ragioneria e di Economia Aziendale (Sidrea) la Strategic Management Society (SMS).</p><p style="font-family: Roboto, sans-serif; font-size: 16px; font-style: normal; font-weight: 400; color: #000000; text-align: justify;">Nato a Milano nel 1966, si è laureato con lode in <span style="font-size: 16px; color: #2b2b2b;">Economia aziendale nell’ Università Bocconi con studi di perfezionamento presso il Dipartimento di Economia e Politica aziendale dell’Università degli Studi di Milano e presso la London School of Economics (Londra).</span></p><p style="font-family: Roboto, sans-serif; font-size: 16px; font-style: normal; font-weight: 400; color: #000000; text-align: justify;"> </p>								</div>
				</div>
					</div>
		</div>
					</div>
		</section>
					</div>
		</div>
					</div>
		</section>
				</div>

<p>Presidente Andrea Beretta Zanoni Andrea Beretta Zanoni è professore ordinario di Strategia e Politica Aziendale nell’Università degli Studi di Verona, dove è stato anche Presidente del Corso di Laurea Magistrale in Direzione Aziendale.  Dal 2009 al 2014 è stato inoltre Direttore del Polo Scientifico Didattico “Studi sull’Impresa” dell’Università di Verona e dal 2021 è Presidente &hellip; <a href="https://poloscientifico.univr.it/index.php/presidenza/" class="more-link">Continua la lettura di <span class="screen-reader-text">PRESIDENZA</span> <span class="meta-nav">&rarr;</span></a></p>
